 0. Suppose 0 = a + a + k - 8, -w*k = 4. What is the units digit of a?
5
Suppose -964 = -3*o + 4*q, -5*o = -4*q - 917 - 703. What is the hundreds digit of o?
3
Let g(j) = 5*j**2 + 82*j - 10. What is the units digit of g(-34)?
2
Suppose 7*w = 3*w + 8816. What is the units digit of (w/(-95))/(4/(-10))?
8
Let y(b) = -b**3 + 14*b**2 - 19*b - 30. What is the hundreds digit of y(11)?
1
Suppose -2*k + 12 = -0. Let q(n) = 32*n + 13. Let j be q(k). Suppose 3*m - j = -2*m. What is the tens digit of m?
4
Let m = -38 - -70. Suppose 0 = -2*s + 4*s - 5*d - m, 5*d - 34 = -4*s. What is the tens digit of s?
1
Suppose -3*k = -16*k. What is the units digit of (-8 + 4 - -170) + k?
6
Suppose 0 = 5*a - 4*d - 8124, 2*a = d + 2648 + 601. What is the hundreds digit of a?
6
Let h be (-3 + 3)*(0 + -1). Suppose -i + 6 = -h*i. Let r = 14 - i. What is the units digit of r?
8
Suppose -3*k + 3*o + 144 = 0, 0*k + k - 57 = -2*o. Let d = k + -24. What is the units digit of 1 + 5/5 + d?
9
Let i(o) = 4*o - 5. Let q be i(2). Suppose -2*l = -0*l. Suppose l*p + 24 = q*p. What is the units digit of p?
8
Let k = 2988 - 389. What is the tens digit of k?
9
Let v be (128/(-40))/(6/315). Let t = -46 - v. What is the units digit of t?
2
Let n(v) = v**3 + 19*v**2 - 15*v - 25. Let d be n(-20). What is the hundreds digit of 2 - 3 - (d - 3)?
1
Suppose c + n = -0*c + 214, -c - 3*n + 208 = 0. What is the tens digit of c?
1
Suppose -4*r + 12 = -0*r, -5*h - 4*r + 62 = 0. Suppose 6*v - h = v. Suppose -v*k = 2*k - 120. What is the tens digit of k?
3
Suppose -2*s + 24 = 2*s - 2*b, -5*b = -10. What is the tens digit of 4 + (-7)/(s/(-51))?
5
Let f(n) = -5*n**3 + n**2 + n + 1. Suppose 3*w = 3*k + 12, 3*w - 2*k = 8*w + 15. Let u be f(w). Suppose j + 115 = u*j. What is the units digit of j?
3
What is the tens digit of (22 + -19)*(-409)/(-3)?
0
What is the units digit of 147/(-588) - (-11162)/8?
5
Suppose 5*y = -2*g + 258, 5*g - 4*g = y - 53. Suppose l - y + 35 = 0. What is the tens digit of l?
1
Suppose -88*o = -86*o - 702. What is the tens digit of o?
5
Let p(q) = 10*q**2 - 19*q + 25. What is the units digit of p(6)?
1
Let c(y) = y + 2. Suppose 4*o - 2*v - 18 = 0, -4*o = -0*o + v - 27. Suppose -4*m = -k + 17, o*k - k = -2*m - 3. What is the units digit of c(k)?
3
Suppose -3*g = 4*k - 1579, -5*k + 21*g - 17*g = -1966. What is the tens digit of k?
9
Let d(t) = -t**3 - 48*t**2 - 14*t - 175. What is the hundreds digit of d(-48)?
4
Suppose 4*i = -4*o + 5954 - 1194, 2*i - 2396 = 2*o. What is the units digit of i?
4
Let i(t) = -6 + 0*t - 3*t + 6*t + 1. Let c be i(4). Suppose 0 = -2*g + c*g - 290. What is the tens digit of g?
5
Suppose 5*i - 44 = -24. Suppose 0 = -5*y + 10, 6*l + i*y - 236 = 2*l. What is the tens digit of l?
5
Let w(p) = 27*p - 21. Let m be w(3). What is the units digit of 565/4 - (m/16)/(-5)?
2
Let j(m) = -m**3 + 7*m**2 + 2*m + 5. Let t be j(6). Let z = 102 - t. What is the tens digit of z?
4
Suppose -2*z - 3 - 151 = 0. Let b = 131 + z. What is the tens digit of b?
5
Let f = 27 + 24. Let c = f - 35. What is the units digit of c?
6
Let k(z) = z**2 - 3*z + 2. Suppose 11 - 14 = -3*t. Let c be k(t). Suppose 0 = 3*d - 4*b - 14, -2*d + b + 3*b + 4 = c. What is the units digit of d?
0
Let u = -4 + 18. Suppose -w - 5 = -2*w - d, -4*d = w - u. What is the units digit of (12/(-18))/(w/(-9))?
3
Let n(u) = 4*u**3 + 12 + 2*u + 6*u**3 - 9*u**3 - 12*u**2. What is the units digit of n(12)?
6
Let r(l) = -2*l + 73. Let f be r(19). Suppose g + 3*i = 317 - f, -8 = 2*i. What is the tens digit of g?
9
Let q(s) = 9*s - 7 + 15*s**2 - 7*s**2 - 9*s**2. Let r be q(9). Let c = r - -12. What is the units digit of c?
5
Suppose -8*v = -i - 4*v - 15, 0 = -3*i + 3*v. Suppose -a = 2*q - 104, i*q = -6*a + a + 500. What is the tens digit of a?
9
Let d(l) = -71*l - 14. What is the units digit of d(-5)?
1
Let m(u) be the second derivative of 2/3*u**4 - 2*u - 1/20*u**5 + 0 + 1/3*u**3 - 9/2*u**2. What is the units digit of m(8)?
7
Let o be (-198)/(-1 + -2) + -2. Suppose -o = -0*f - f. Let n = f - 38. What is the units digit of n?
6
Let j = 10 - 26. Let v = -13 - j. Suppose 3*f - 9 = -v. What is the units digit of f?
2
Let z = 1268 - 735. What is the tens digit of z?
3
Let v(x) = 62*x - 27. Let m(d) = -186*d + 82. Let l(y) = 5*m(y) + 16*v(y). What is the tens digit of l(2)?
0
Let y(d) = 7*d + 10. Let n be y(-6). Let k = -35 + 22. Let l = k - n. What is the tens digit of l?
1
Suppose 2*m - 817 - 115 = 0. What is the tens digit of m?
6
Let j = 66 - 53. Let q(y) = -y**2 + 18*y. What is the tens digit of q(j)?
6
Let s(d) = -119*d - 304. What is the thousands digit of s(-11)?
1
Let b = -17 - -22. Let n be (-84)/35*b/(-2). Suppose n*p - 115 = p. What is the units digit of p?
3
Let r(s) = -2*s - 1. Let d(i) = 4 - 1 + 3 - i - 3. Let h be d(6). What is the units digit of r(h)?
5
Suppose 5 = -3*v - 7. What is the units digit of 45/v*(-56)/42?
5
Let z(c) = -3*c**2 - 21*c - 18. Let t(n) = 4*n**2 + 22*n + 17. Let g(p) = 2*t(p) + 3*z(p). What is the units digit of g(-11)?
8
Let d = 28 - 22. Suppose 4*b = d*b - 346. What is the tens digit of b?
7
Suppose 4*f - 3*r + 14 = -6*r, -14 = 3*f + 4*r. Let m(p) = -41*p + 8. What is the units digit of m(f)?
0
Suppose -10*c = -6*c. Suppose c = 3*x + x - 56. What is the units digit of x?
4
Let p = -10 - -16. Suppose -9*h = -p*h - 153. What is the units digit of h?
1
Let k be 44/6*(-9)/(-6). Suppose -14*o = -k*o - 174. What is the tens digit of o?
5
Let s = -11 - -79. Suppose -j - 7 + s = 0. Suppose 2*z + 4*m - 7*m = 21, j = 5*z + m. What is the units digit of z?
2
Let n be 4/(-4)*(1 - 1). Suppose n = 4*z - 3*z - 138. What is the tens digit of z?
3
Let b(f) = -10*f + 14. Let i be b(-4). What is the units digit of 4 + -4 + i + 4?
8
Let u be (-200)/(-10)*2/5. Suppose -h = 3*b - 7 - u, -4*b = -h - 13. Suppose 3*t - 72 = -3*z, -t + 76 = -0*z + h*z. What is the tens digit of z?
2
Let h be (-2)/7 - 130/(-14). Let m(u) = -6*u - 2. Let g(j) = -j. Let z(b) = 3*g(b) - m(b). What is the tens digit of z(h)?
2
Let m = -8 - -12. Suppose -116 = -4*t + 4*o, 92 + 27 = m*t - 3*o. What is the tens digit of t?
3
Suppose -3*x + 5*x - 10 = 0. What is the tens digit of 20/(-25)*x/2 - -120?
1
Suppose -5*h + 18972 = 12*h. What is the thousands digit of h?
1
Suppose 56*p - 29484 = 4*p. What is the units digit of p?
7
Suppose 4*y - 8 = -0*y. Suppose m - y*m = -4. Suppose 0 = -l - m*c - 0*c - 5, -50 = -5*l - 5*c. What is the units digit of l?
5
Let s = 1581 - -1381. What is the units digit of s?
2
Suppose 3*v + 71 + 2773 = 4*u, 5*u = -4*v + 3524. What is the hundreds digit of u?
7
Let d(k) = 53*k**2 + 3*k - 2. What is the units digit of d(6)?
4
Let b = -18 + 135. Suppose -3*k + b = -219. What is the units digit of k?
2
Suppose 9*h - 4*h - 10 = 0. What is the tens digit of (52/(-39))/(h/(-144))?
9
What is the units digit of 10407/39 - 8/(-52)?
7
Let t be (-3)/3*1*-3. Suppose t*i + 29 = 269. What is the tens digit of i?
8
Suppose -2*a = -4*o - 34, 0*a + 2 = o - 4*a. Let l(m) = m**3 + 10*m**2 + 5. Let h be l(o). Suppose 64 = h*i - 31. What is the tens digit of i?
1
Let d(h) = 5*h**3 + h**2 - 5*h - 3. Let s be d(4). Let a = s - 61. What is the tens digit of a?
5
Let y(h) be the second derivative of -5*h**3/2 - 7*h**2 - 10*h. What is the units digit of y(-5)?
1
Let h be (-6)/(-9) - (-35)/15. Suppose j - h*j = -6. Suppose -j*l = -6*l + 111. What is the tens digit of l?
3
Let b = 7346 - 2306. What is the thousands digit of b?
5
Let s = 47 - 30. Suppose 0 = -s*k + 6*k + 385. What is the tens digit of k?
3
Let v be 7225/68 - 6/(-8). Let n = v - 47. What is the units digit of n?
0
Suppose t = 5 + 66. What is the units digit of t?
1
What is the units digit of 3244/(-6)*(-33)/22?
1
Let f be (-9)/15 - 46/(-10). What is the units digit of (2/(-5))/(f - 482/120)?
4
Suppose 3*d - 5*k = 5183, 4*d - 5*k - 2141 = 4773. What is the hundreds digit of d?
7
Suppose -5*q + 144 = q. Suppose -3*f + 0 = -q. What is the units digit of f?
8
Suppose 906 = -3*v + 5*v. Let x = v + -243. What is the tens digit of x?
1
Let o(t) = t**2 - 9*t - 18. Let y be o(11). Suppose 2*b - u - 14 = -3*u, y*b - 20 = -2*u. What is the units digit of b?
3
Let m = 5 + 7. Let u be (-2)/(-6) + 20/m. What is the units digit of 35 + 11 - u/(-2)?
7
Let p(v) = 4*v**2 - v + 2. Let m be p(4). 